{"id":37,"date":"2025-10-07T12:35:34","date_gmt":"2025-10-07T10:35:34","guid":{"rendered":"https:\/\/brindilles-petitsfruits.fr\/?page_id=37"},"modified":"2025-10-07T15:51:23","modified_gmt":"2025-10-07T13:51:23","slug":"nos-productions","status":"publish","type":"page","link":"https:\/\/brindilles-petitsfruits.fr\/index.php\/nos-productions\/","title":{"rendered":"Nos points de ventes"},"content":{"rendered":"\n<p><strong>Vente en ligne<\/strong> : retrouvez nos produits et ceux de nos voisins producteurs sur <a href=\"https:\/\/www.local.bio\/producteur\/brindilles--petits-fruits\" data-type=\"link\" data-id=\"https:\/\/www.local.bio\/producteur\/brindilles--petits-fruits\"><strong>local.bio<\/strong><\/a>. Deux points de retrait possibles pour vos commandes :<\/p>\n\n\n\n<div class=\"wp-block-group is-nowrap is-layout-flex wp-container-core-group-is-layout-ad2f72ca wp-block-group-is-layout-flex\">\n<ul class=\"wp-block-list\">\n<li class=\"has-accent-color has-text-color has-link-color wp-elements-99f597e94458ca83e0605d779882e75a\">la Ch\u00e8vrerie de la Poterie, \u00e0 Ding\u00e9, chaque vendredi \u00e0 d\u00e8s 16h30<\/li>\n\n\n\n<li class=\"has-accent-color has-text-color has-link-color wp-elements-76ec65cdca10617e7c0c79ad834ba77f\">la ferme Les L\u00e9gumes du Grand Bois, \u00e0 Qu\u00e9briac, chaque mercredi d\u00e8s 16h30<\/li>\n<\/ul>\n\n\n\n<figure class=\"wp-block-image size-full is-resized\"><a href=\"https:\/\/www.local.bio\/producteur\/brindilles--petits-fruits\"><img loading=\"lazy\" decoding=\"async\" width=\"226\" height=\"223\" src=\"http:\/\/brindilles-petitsfruits.fr\/wp-content\/uploads\/2025\/10\/Sans-titre2.png\" alt=\"\" class=\"wp-image-110\" style=\"width:119px;height:auto\"\/><\/a><\/figure>\n<\/div>\n\n\n\n<p><strong>Vente directe<\/strong> : retrouvez-nous <strong>en saison<\/strong> sur les march\u00e9s<\/p>\n\n\n\n<ul class=\"wp-block-list\">\n<li class=\"has-accent-color has-text-color has-link-color wp-elements-4c6f8797dbdd4c99f9599c6a9d9369af\">de la Ch\u00e8vrerie de la Poterie \u00e0 Ding\u00e9, le vendredi d\u00e8s 16h30<\/li>\n\n\n\n<li class=\"has-accent-color has-text-color has-link-color wp-elements-cde7e248b5e072c57b465dba1baa130d\">du GAEC Biotaupes \u00e0 Vignoc, le mardi d\u00e8s 16h30<\/li>\n\n\n\n<li class=\"has-accent-color has-text-color has-link-color wp-elements-6c2652db7fbf85b15497fc9fe0296a14\">sur le march\u00e9 de Betton, le dimanche matin<\/li>\n<\/ul>\n\n\n\n<p class=\"has-primary-color has-text-color has-link-color wp-elements-c099919d812bfc400d0c7dd4ca2da230\">En <strong>magasins bio<\/strong> : dans les magasins Biocoop de Combourg et Tint\u00e9niac<\/p>\n\n\n\n<p><\/p>\n","protected":false},"excerpt":{"rendered":"<p>Vente en ligne : retrouvez nos produits et ceux de nos voisins producteurs sur local.bio. Deux points de retrait possibles pour vos commandes : Vente directe : retrouvez-nous en saison sur les march\u00e9s En magasins bio : dans les magasins Biocoop de Combourg et Tint\u00e9niac<\/p>\n","protected":false},"author":1,"featured_media":0,"parent":0,"menu_order":0,"comment_status":"closed","ping_status":"closed","template":"","meta":{"footnotes":""},"class_list":["post-37","page","type-page","status-publish","hentry"],"_links":{"self":[{"href":"https:\/\/brindilles-petitsfruits.fr\/index.php\/wp-json\/wp\/v2\/pages\/37","targetHints":{"allow":["GET"]}}],"collection":[{"href":"https:\/\/brindilles-petitsfruits.fr\/index.php\/wp-json\/wp\/v2\/pages"}],"about":[{"href":"https:\/\/brindilles-petitsfruits.fr\/index.php\/wp-json\/wp\/v2\/types\/page"}],"author":[{"embeddable":true,"href":"https:\/\/brindilles-petitsfruits.fr\/index.php\/wp-json\/wp\/v2\/users\/1"}],"replies":[{"embeddable":true,"href":"https:\/\/brindilles-petitsfruits.fr\/index.php\/wp-json\/wp\/v2\/comments?post=37"}],"version-history":[{"count":5,"href":"https:\/\/brindilles-petitsfruits.fr\/index.php\/wp-json\/wp\/v2\/pages\/37\/revisions"}],"predecessor-version":[{"id":112,"href":"https:\/\/brindilles-petitsfruits.fr\/index.php\/wp-json\/wp\/v2\/pages\/37\/revisions\/112"}],"wp:attachment":[{"href":"https:\/\/brindilles-petitsfruits.fr\/index.php\/wp-json\/wp\/v2\/media?parent=37"}],"curies":[{"name":"wp","href":"https:\/\/api.w.org\/{rel}","templated":true}]}}